0
Suppose -32*i = -33*i + 3*y - 23, -5 = -5*y. Let n(x) = -x**2 - 38*x - 9. What is the units digit of n(i)?
1
Let h be ((-90)/(-8))/(1268/(-160) + 8). Let j = h - -245. What is the hundreds digit of j?
3
Let h be 31 + 732 - (1 - 0 - 2). Let s = h - 239. What is the tens digit of s?
2
Let y(z) be the second derivative of -z**5/12 - 4*z**4/3 + z**3/2 + 45*z. Let a(j) be the second derivative of y(j). What is the units digit of a(-15)?
8
Let g be (-22246)/(-7) - (-1 - -7). Suppose -4*d - 2*x + g = 0, -3176 = -4*d + x - 5*x. What is the units digit of d?
2
Let y = 493 - 493. Suppose 5*t = -4*c + 6183, -c + y*t + 1536 = -2*t. What is the hundreds digit of c?
5
What is the hundreds digit of (-20)/8*-4*8247 + -6 + -7?
4
Let z(d) = 186*d + 7992. What is the units digit of z(0)?
2
Let r = -2081 - -2101. Let q(m) = -m**2 + 4*m. Let c be q(3). Suppose c*g - r = g. What is the tens digit of g?
1
Suppose 76*r = -59*r + 927990. What is the units digit of r?
4
Suppose -88*i + 194082 = -74*i. What is the tens digit of i?
6
Let k(d) = -549*d - 3574. What is the units digit of k(-38)?
8
Suppose -2*n - 3*w = -88, 2*n - 2*w + 168 = 6*n. Suppose -r - n = -3*f, -17 = -5*f + 3*r + 46. What is the units digit of (-2)/(-3) - (-275)/f?
9
Let i be 71/(-2) - (-2)/4. Let d = 32 + i. What is the tens digit of (-1 - d) + 0 + 9 + 1?
1
Suppose 0 = 6*a - 237 - 3. Suppose -a = -8*h - 8. Suppose -h*j + 8*j - 48 = 0. What is the units digit of j?
2
Let i(z) = 6 - 4*z + 4*z - 3*z + z**2. Let n be (2 + -9 + 5)/(12/(-36)). What is the units digit of i(n)?
4
Suppose -2*i - 3*d = -d, i + 4*d - 3 = 0. Let p(r) = 108*r**2 + 0 - 1 - 13*r**2 - 2*r. What is the units digit of p(i)?
6
Suppose w - 75 = -m, 3*m = -7*w + 5*w + 221. Suppose 0 = 101*i - m*i - 26580. What is the tens digit of i?
8
Suppose -21*x + 159895 = 9*x + 5485. What is the thousands digit of x?
5
Let x(r) = -2*r**3 + 136*r**2 + 147*r - 66. What is the tens digit of x(68)?
3
Let h(n) = -40*n**2 + 8*n - 26. Let m be h(5). Let q = 1882 + m. What is the units digit of q?
6
Suppose -7*a = 11 - 32. Suppose a*j = -4*j + 4305. Suppose 8*w = 11*w - j. What is the hundreds digit of w?
2
Let j = -4 - -23. Suppose -5*r = 4*m + 7, -5*m - r + j = -4*r. What is the tens digit of m/(-10)*0 - -50?
5
Let q(d) = -555*d + 14. Let j be q(-1). Suppose -j = -6*p + 307. What is the tens digit of p?
4
Suppose -4*f = 3*i - 140725, 4*i + 46498 = -2*f + 116858. What is the units digit of f?
2
Let x(j) = 103*j + 19. Let r be 2/(-4) + ((-121)/2)/(-11). Let z be x(r). What is the units digit of (0 - 4/(-14)) + z/42?
3
Suppose 0 = 4*n - 2*o - 15754, 3*n + 3*o - 4*o = 11815. Let p = n + -2617. What is the units digit of p?
1
Let k(c) = c**2 + 2*c - 24. Let i(w) = 4*w + 5. Suppose -7 = 3*v - 5*j, 5*v + 4*j = 4*v - 8. Let o be i(v). What is the tens digit of k(o)?
7
Let g(j) = 8*j**2 - 16*j - 18. Let v(c) = c**2 - 5*c + 8. Let a be v(5). What is the units digit of g(a)?
6
Let y(h) be the second derivative of -53*h**3/3 - 15*h**2 - 30*h. Let t be y(-5). Suppose -1310 = -5*i + 2*o, 2*o - 6*o + t = 2*i. What is the units digit of i?
0
Let f be (-39)/156 + (-1370)/(-8). What is the units digit of (13/(-26) - (-1)/(-2)) + f?
0
Let n(l) = l**3 + 7*l**2 - 4. Let v be n(-4). Suppose v*y - 31*y = 9295. What is the tens digit of y?
1
Let f(o) = -o**3 - 4*o**2 + 8*o - 2. Suppose -6*c + c - 215 = 0. Let k = 37 + c. What is the tens digit of f(k)?
2
Suppose 19318761 = 552*q - 2460951. What is the tens digit of q?
5
Let x(m) = -5*m**3 - 5*m**2 - m + 7. Suppose 25 = 4*b - 9*b. What is the tens digit of x(b)?
1
Let s(t) = -93*t + 220. Let z be s(5). What is the hundreds digit of z/(-1) + -10 + 9?
2
What is the tens digit of (65 - -3)/(56/1106)?
4
Suppose 3*k + 18352 = 7*k + 12*k. What is the hundreds digit of k?
1
Let f(y) = -2*y**3 + 10*y**2 - 3*y + 10. Let w(n) = n + 10 + n + 9*n**2 - n - 5*n - 2*n**3. Let i(d) = 4*f(d) - 5*w(d). What is the tens digit of i(4)?
7
Let z(h) = h - 4. Let k be z(11). Let l be (3 - k - -8)/((-2)/74). Let c = l + 247. What is the tens digit of c?
9
Suppose -1 = 3*i + 4*g, 0 = -5*i - g + 4. What is the hundreds digit of i - (-11)/((-55)/48)*-20?
1
Let c = 12209 + -7738. Suppose -614 = 7*f - c. What is the units digit of f?
1
Let y(i) = -2*i - 9. Let x be y(-7). Suppose 5*g = -x*v - 215 - 85, 0 = -2*v - 5*g - 114. Let t = -15 - v. What is the tens digit of t?
4
Let s = 15 + -19. Let f = -6 - s. What is the tens digit of (f*1 - -1) + -2 + 77?
7
Let h(o) = -32 + 2*o - 143*o**2 + 3*o + 496*o**2 - 128*o**2 - 169*o**2. What is the hundreds digit of h(5)?
3
Suppose 20*z - 15*z = 15. Suppose 6*b - 2*g = 5*b + 141, 0 = 3*b + z*g - 405. What is the units digit of b?
7
Suppose 3*r - 17 - 10 = 0. Let w(n) = 21 + 21*n - 56 - n. What is the hundreds digit of w(r)?
1
Let d = 647 - -486. Let z = d + -32. What is the hundreds digit of z?
1
Let o(p) = -p**3 + 11*p**2 - 20*p + 30. Let c(v) = 2*v**2 - 63*v + 40. Let r be c(31). What is the tens digit of o(r)?
1
Suppose 5*u = 75*w - 70*w - 88475, -5*w = -3*u - 88467. What is the units digit of w?
1
Suppose -21*d + 97 = -449. Suppose 11*z - 14652 = -d*z. What is the hundreds digit of z?
3
Let i(t) = -t. Let d(j) = 62*j + 44. Let x(r) = d(r) + 6*i(r). Let v be x(7). Suppose 0 = 2*b + h - 0*h - 212, 4*b - v = -5*h. What is the hundreds digit of b?
1
Suppose 7*q - 455 = 2*q. Let d be 156/q - (-2)/7. Suppose -3*x - d*x = -3*a - 310, -a = 4*x - 248. What is the units digit of x?
2
Suppose 13*i - 24472 = -6*i. Let v = i - 910. What is the units digit of v?
8
Let s = 10 - 6. Suppose z + a = s, 20 = -z + 3*a + 8. Suppose z*d + 5*d - 125 = 0. What is the tens digit of d?
2
Let c = 7421 + -4789. What is the tens digit of c?
3
Suppose 3*r + 3003 = 213. What is the units digit of (8/(-18))/2 + r/(-54)?
7
Suppose 3*i = 3*g + 9 - 51, g = -2*i - 31. What is the hundreds digit of ((-822)/i)/((-35)/(-700))?
0
Let w(a) be the first derivative of a**4 - 4*a**3/3 - a**2 - 4*a + 1. Let p(s) = -s**3 - 5*s**2 + s + 9. Let m be p(-5). What is the units digit of w(m)?
0
Let r = -1292 - -2447. Let m = -493 + r. What is the hundreds digit of m?
6
Let a = -1536 + 2048. What is the tens digit of a?
1
Suppose 3*j + 5*p = -101, -2*j - 3*j - 123 = -3*p. Let v be j/(2*(4 - (-36)/(-8))). Suppose -v*d = -17*d - 2010. What is the tens digit of d?
0
Let g(j) = 70*j**2 - 3*j - 4. Let w(x) = x**3 + 4*x**2 - 6*x - 3. Let r be w(-5). What is the hundreds digit of g(r)?
2
Let g be (-4 - -8) + -8 + 6/(-2). Let c(n) = -n**3 - 7*n**2 - 2*n - 4. Let t be c(g). What is the tens digit of (298/10)/(2/t) + -2?
4
Suppose -3*y = -r + 2293, -3*y + 6*y = -4*r - 2288. Let s = y - -1874. What is the thousands digit of s?
1
Suppose h + 1 = 0, 0 = 4*j + 2*h - 6*h + 4. Let b be 0 - (-8)/68 - 600/(-102). What is the units digit of (-5 + b)*(j/2 - -47)?
6
Let u(a) = -8 + 19 + a + 4 + 6. Let c be u(-7). Suppose 12*v - c*v = -78. What is the units digit of v?
9
Let i(k) = 2*k**2 - k - 32. Let h = -123 + 118. What is the units digit of i(h)?
3
Suppose 0 = -h + 37 - 25. Suppose 4*t + 5*q - 2 - 17 = 0, -4*q + h = 0. What is the units digit of 0 + 315/(t - -4)?
3
Let v be (2/(-4))/(7/(-2156)). Suppose -21*i + 24 = -15*i. Suppose -i*c - 42 = -v. What is the tens digit of c?
2
Suppose -3*t + y = -60034, -56*t = -54*t + 3*y - 40019. What is the units digit of t?
1
Suppose -11*p + 4072 = -1142. Let n = 856 + p. What is the hundreds digit of n?
3
Suppose -4*p + 33*z + 61601 = 32*z, 0 = 5*p + 5*z - 77020. What is the thousands digit of p?
5
Let r(b) = -8*b - 1. Let p be r(0). What is the hundreds digit of p + 329 - 0 - (56 + -57)?
3
Let k = -1563 - -2361. Suppose -70*q = -67*q - k. What is the hundreds digit of q?
2
Let u be (1*(-6)/12)/(1/(-42)). Suppose -b = -8*b + u. Suppose -2*i + 508 = b*a, 4*a + 2*i = i + 674. What is the units digit of a?
8
Let j(g) = -8*g - 7. Let n be j(4). Let c = 25 + n. Let p = c + 116. What is the hundreds digit of p?
1
Let i be 6/(-9) - (-8)/(-6). Let s be (-3031)/(-21) - (7/3 + i). Suppose -s = -2*c - 4*y, 0 = 3*c + 3*y - 4*y - 209. What is the units digit of c?
0
Let l(k) be the second derivative of 18*k**2 + 12*k + 0 + 7/6*k**3. What is the tens digit of l(12)?
2
Suppose 3*s = -2*t + 11759, 12761 = 3*t - 2*s - 4884. What is the tens digit of t?
8
Le